4. What is the greatest common factor of w and 94?
47
Suppose 4*j - 2*v = -7*v - 16, -4*j - v = 0. Let h(g) = -g - 2 + j + 0 + 2*g. Let q be h(4). What is the highest common divisor of q and 18?
3
Let f(n) = n**3 + 11*n**2 + 9*n + 5. Let g be f(-10). What is the greatest common divisor of g and 135?
15
Suppose -4*v - 5*y = -280, -2*v - 9*y + 134 = -5*y. What is the greatest common divisor of v and 25?
25
Let h be 2/9 + 50/18. Suppose h*x - 20 = 112. Let q be x/6*(-9)/(-6). Calculate the highest common factor of 33 and q.
11
Suppose -f + 528 = c, 2*f - 2112 = -2*f + c. What is the highest common factor of f and 48?
48
Let u(d) = d**2 - 7*d - 4. Let s be u(7). Let c = -1 - s. Let z be (-1)/(-3) - (-20)/c. Calculate the highest common factor of z and 21.
7
Let z be ((-108)/24)/((-2)/4). What is the highest common divisor of 72 and z?
9
Let s = -7 - -25. Suppose -k + 3*c = -3 - 3, 2*k - 14 = 4*c. Calculate the highest common divisor of k and s.
9
Let w(t) = 3*t + 11. Let y be w(8). Let b = -4 - -1. Let z be 8 + 1*(b - -2). Calculate the greatest common factor of z and y.
7
Let b be (-3)/(-6) - (-14)/4. What is the greatest common factor of b and 8?
4
Let y = 9 + -5. Suppose -s = -y*s - 39. Let g = 25 + s. Calculate the highest common divisor of g and 18.
6
Let c = -2 + 2. Suppose 0 = -2*s - c*s + 6. Suppose -6*l + y = -l - 3, 2 = y. What is the highest common divisor of s and l?
1
Let n(s) = s**3 + 9*s**2 + 3*s + 8. Let m be n(-9). Let r = m + 22. Calculate the highest common factor of r and 27.
3
Let k = -18 + 23. Calculate the highest common factor of k and 5.
5
Let g(v) = v**3 - 4*v**2 + 5*v + 4. Suppose 2*f + 1 = 3. Let a be -3 - -4 - -3*f. Let m be g(a). Calculate the greatest common divisor of 8 and m.
8
Let a = -30 + 65. What is the greatest common factor of 7 and a?
7
Let u(w) = w**2 + 4*w + 3. Let h be u(-5). Suppose 3*y + h = 5*y. Calculate the greatest common divisor of 36 and y.
4
Suppose 0 = 5*m - 5, 13 = 4*j - m + 2*m. Let t(d) = -d**2 + 5*d + 3. Let p be t(5). Calculate the highest common factor of j and p.
3
Let l be (-3)/(-1) - (-4 + -98). Suppose 4*k - l - 15 = 0. What is the highest common divisor of k and 6?
6
Let j(l) = -l + 4. Let x be j(0). Suppose 3*d - 5*v - 20 = 0, -3*d + 29 - x = -4*v. What is the greatest common divisor of 45 and d?
15
Let i = -91 - -175. Calculate the greatest common factor of i and 126.
42
Let t = -26 + 44. Let h be (t - 3)*(-2)/(-3). What is the highest common divisor of h and 90?
10
Let v(x) = x**2 - 6*x - 3. Let q be v(7). Calculate the greatest common factor of 20 and q.
4
Suppose 1 = 2*g - 3*g, 0 = -3*s - 2*g - 11. Let c be (s + -18)/((-1)/3). What is the highest common factor of 9 and c?
9
Let p(u) = -5*u**3 - 3*u**2 - u + 1. Let g be p(-1). Calculate the greatest common factor of 1 and g.
1
Suppose -8*s = -3*s - 5. Let n = 4 - s. Let m = 7 - n. Calculate the highest common factor of 36 and m.
4
Let a = -6 + 8. Let j(v) = -v + 3. Let p be j(2). What is the highest common divisor of a and p?
1
Let a(x) = -x**3 + 11*x**2 - 12*x + 5. Let p be a(10). Let r = p - 13. Let f = r - -49. Calculate the highest common factor of f and 21.
21
Let v(j) = -j - 1. Let c be v(-4). Let y(l) = -l**2 - l + 6. Let s be y(-6). Let t be s/(-20) + (-1)/5. What is the highest common divisor of t and c?
1
Suppose 10*h = 7*h - 30. Let w = 0 - h. Calculate the highest common divisor of w and 15.
5
Suppose 3*a = a + 14. Suppose 0 = -4*p + 45 + 159. Let m be (-6)/21 + p/7. What is the greatest common factor of a and m?
7
Suppose -z + 8 = o, -5*z = -0*z + 20. Calculate the greatest common factor of o and 36.
12
Let l = 611 + -331. Let t = 424 - l. Let n be -6*(-6 - -3)*1. What is the greatest common factor of t and n?
18
Suppose -4*l - 5*v = 21, 0 = v - 6*v - 25. What is the greatest common divisor of l and 4?
1
Let w be 6/(-4)*(-16)/3. Let d be -4*(-2)/w*13. Let x(z) = z**2 + 3*z - 2. Let j be x(-9). What is the greatest common divisor of d and j?
13
Let r = -19 - -54. Let z = r - 24. What is the highest common factor of z and 66?
11
Suppose -4*h + h = 3*s - 9, 0 = h - 2*s - 9. Suppose -2*c = -h*w - 3, 2*c - 11 = -w + 22. What is the highest common factor of c and 112?
14
Suppose -398 = 5*p - 1348. Let f be p/6 - 2/(-6). Calculate the highest common factor of 8 and f.
8
Suppose -s - 4*s = 0. Suppose s = -2*h + 3*h - 11. Calculate the highest common divisor of 121 and h.
11
Suppose x + 0*x = 49. What is the greatest common divisor of x and 14?
7
Let p = 26 + -18. Let b(k) = -k**2 + 10*k - 5. Let c be b(7). Calculate the highest common factor of c and p.
8
Suppose 0 = -2*o + 1 + 3. Suppose 0 = -3*z, -4*t - z + 36 = o*z. Calculate the greatest common factor of 18 and t.
9
Let k = 19 + 5. What is the highest common factor of 72 and k?
24
Suppose -25 = 2*q - 165. Let a = 34 + -20. What is the greatest common divisor of q and a?
14
Suppose -y - 3*c + 62 = 0, -y + c = -0*c - 74. Suppose -37 = -3*q + y. What is the highest common factor of 24 and q?
12
Let s = 18 - 0. What is the highest common factor of s and 54?
18
Let b = 31 + -61. Let t be (0 - 3) + b/(-2). Let l be 1/2 + (-7)/(-2). Calculate the highest common factor of l and t.
4
Let h be (22/8)/(2/24). Calculate the greatest common divisor of 11 and h.
11
Let n(z) = 18*z**3. Let w be n(1). Let t = w + 7. Calculate the greatest common divisor of t and 5.
5
Let j be (3/(-4))/(18/(-48)). Calculate the greatest common divisor of 10 and j.
2
Let w be 1 - (3 - (6 + 1)). Suppose 3*k + 69 = 5*i - 0*k, w*i = -3*k + 81. What is the highest common factor of 30 and i?
15
Let v be 268/6*9/6. Suppose 4*b - 4*d - 125 - v = 0, b - 48 = -4*d. Calculate the greatest common factor of 32 and b.
16
Let p = 119 + -77. What is the greatest common divisor of 147 and p?
21
Suppose 5*w - 9 - 6 = 0. Suppose 3*v + w = 51. What is the highest common divisor of 176 and v?
16
Suppose 0 = 4*g - 74 - 34. Let m be (g/3 - 2) + 4. What is the highest common divisor of m and 11?
11
Let w(v) = -3*v - 12. Let z be w(-8). What is the greatest common factor of z and 2?
2
Let l(a) be the third derivative of -a**4/12 + a**3/3 + 2*a**2. Let b be l(-4). Suppose b = 3*h - 11. Calculate the highest common factor of h and 28.
7
Let g = 26 + -11. Suppose -4*w = 4*b - 4, g = -w - 4*b - b. Let s be 2 + (-2 - -7*5). What is the highest common divisor of w and s?
5
Let x(d) = -2*d + 4. Let z be x(-3). Let p(a) = 9*a**2 - a + 2. Let j be p(-4). Suppose 2*v + 3*v - j = 0. Calculate the highest common factor of v and z.
10
Let b(f) = f**2 + f + 6. Let c be b(3). Suppose 4*q - 19 = -3*j, j = -2*j - 3*q + c. Calculate the highest common divisor of 2 and j.
1
Suppose 3*g - 3*s = 4 + 5, -4*g + 5*s = -12. Suppose 0 = -24*d + 21*d + 9. Calculate the greatest common factor of g and d.
3
Suppose 2*d = -d + 60. Suppose -4*u = -4*x - 12, 5*u - 8 = 3*u + 3*x. Suppose a = 9 + u. What is the highest common divisor of d and a?
10
Suppose -w + 3*w = j - 13, -5*j = 2*w - 17. Suppose j*d - 72 = -0*c - 3*c, 0 = 3*c - 12. What is the highest common factor of 18 and d?
6
Suppose -4 = -u - 5*f, 5*u - f = -3*f + 20. What is the highest common factor of u and 16?
4
Let i = -13 + 7. Let t(v) = v + 10. Let n be t(i). Calculate the greatest common factor of 12 and n.
4
Suppose 3*n = -4*l + 28, 3*l + 4 = -2. Let m(w) = -2*w**3 - 3*w - 3. Let p be m(-3). Calculate the greatest common factor of p and n.
12
Let j(q) be the first derivative of 6*q**2 - q + 3. Let c be j(-3). Let x = -9 - c. What is the greatest common divisor of 70 and x?
14
Let k = 4 + 1. Suppose 10 = 3*c - k*t, 0*c + 19 = 4*c - t. Calculate the greatest common divisor of c and 10.
5
Let c be 1*((1 - 2) + 6). Suppose c*a - 362 - 48 = 0. Suppose 2*d = 2*s + 86, 2*d - a = -0*s + 4*s. Calculate the highest common factor of 5 and d.
5
Let r = 39 + 1. Let w(m) = -2*m + m + 2 + 1. Let d be w(-7). What is the greatest common divisor of r and d?
10
Let u(d) = 10*d - 6*d + 6*d. Let x be u(4). Suppose 5*g = -3*h + 85, -4*g + x = 2*h - h. What is the highest common factor of 50 and h?
10
Suppose -108 = -3*m + 3*o, 0 = -5*m - 3*o + 183 + 29. What is the highest common factor of m and 5?
5
Let d(q) = -43*q**3 - q**2. Let z be 2/(-7) + (-20)/28. Let h be d(z). Calculate the greatest common factor of h 